52
In base 9, what is 2 + -50?
-47
In base 2, what is -1100010 + -110000?
-10010010
In base 4, what is 1022 + -220?
202
In base 11, what is a21 + 11?
a32
In base 3, what is 10012 + -1012?
2000
In base 6, what is -5 + -145?
-154
In base 5, what is -2210 - 1?
-2211
In base 10, what is 106 - 130?
-24
In base 7, what is 3 - 20?
-14
In base 14, what is -1 - -21?
20
In base 15, what is -2 - -365?
363
In base 7, what is -5 + 1032?
1024
In base 6, what is -4 - 15431?
-15435
In base 7, what is -342 + 3?
-336
In base 6, what is -22 + 1325?
1303
In base 11, what is -2 - 10a?
-111
In base 4, what is 1 + 231212?
231213
In base 7, what is -10 - -32?
22
In base 3, what is 112210 - -1?
112211
In base 10, what is -10 + -99?
-109
In base 13, what is 5 + 4a?
52
In base 6, what is -24 - -15?
-5
In base 14, what is 3 + 13?
16
In base 13, what is -2b9c + -5?
-2ba4
In base 4, what is 3 + 10?
13
In base 8, what is 5335 - -2?
5337
In base 8, what is 1252 + -5?
1245
In base 14, what is 1 + 159?
15a
In base 12, what is 18 - 16?
2
In base 15, what is -1 - 44?
-45
In base 15, what is -2 - 12b?
-12d
In base 11, what is -2 - 853?
-855
In base 15, what is 11b + -3?
118
In base 9, what is 61 - -3?
64
In base 7, what is -4 - 136?
-143
In base 14, what is 350 - -3?
353
In base 11, what is 0 + -94?
-94
In base 8, what is -2 - 14172?
-14174
In base 16, what is 3 + -9?
-6
In base 5, what is -1 + 2?
1
In base 4, what is -1 - 23032?
-23033
In base 4, what is -1 - 110012?
-110013
In base 5, what is 34 + -124?
-40
In base 14, what is 9 - 6?
3
In base 13, what is 2 - 160?
-15b
In base 14, what is 3 + -54?
-51
In base 8, what is -11645 - -2?
-11643
In base 14, what is -6 + 315?
30d
In base 5, what is 22212 - -12?
22224
In base 10, what is -568 + -5?
-573
In base 7, what is 3 + -401?
-365
In base 12, what is 75 - 8?
69
In base 16, what is 150 - 6?
14a
In base 16, what is -a + -14?
-1e
In base 15, what is -2 - -38?
36
In base 13, what is 1 + 50?
51
In base 10, what is 14 + -24?
-10
In base 4, what is -13 + -3322?
-10001
In base 3, what is -10110 + -1012?
-11122
In base 9, what is 5 + 171?
176
In base 4, what is -13 + -12330?
-13003
In base 14, what is -4 + -81b?
-821
In base 7, what is -114506 - -5?
-114501
In base 6, what is 13 + -522?
-505
In base 2, what is 1 + -1?
0
In base 3, what is 22210 - 121?
22012
In base 13, what is -4 + 19?
15
In base 12, what is 12 + -3?
b
In base 5, what is -401 + 34?
-312
In base 12, what is 0 - 15?
-15
In base 9, what is 2 - -4078?
4081
In base 16, what is -3 - 1fd?
-200
In base 8, what is 1111 + 3?
1114
In base 3, what is -21100 + -12?
-21112
In base 7, what is -4 - -6?
2
In base 3, what is -202 - 12?
-221
In base 7, what is -51 - 15?
-66
In base 6, what is 214 - 2?
212
In base 9, what is 5 + 34?
40
In base 12, what is 6 + 5?
b
In base 10, what is 96 - -3?
99
In base 6, what is -2 - 223?
-225
In base 3, what is 212100 - 2?
212021
In base 11, what is 5 - 492?
-488
In base 6, what is -335 - -112?
-223
In base 16, what is 4 + 73?
77
In base 7, what is 0 - -444?
444
In base 10, what is 18 + -2?
16
In base 14, what is -a30 - -5?
-a29
In base 7, what is -655 - -4?
-651
In base 11, what is -3 + -99?
-a1
In base 8, what is -1461 - 5?
-1466
In base 8, what is 11 - 76?
-65
In base 12, what is 3 - 64?
-61
In base 9, what is 12476 + -3?
12473
In base 6, what is -132 + 3?
-125
In base 10, what is 25138 + 0?
25138
In base 7, what is -3 + 21630?
21624
In base 7, what is -5 + 4443?
4435
In base 12, what is -1a - -23?
5
In base 13, what is 5b + 1a?
78
In base 13, what is c1 - -b?
cc
In base 16, what is 194 - -3?
197
In base 7, what is -1 - 1364?
-1365
In base 4, what is -11313 - 1?
-11320
In base 16, what is 2 - -2f?
31
In base 10, what is 5 - 2195?
-2190
In base 4, what is 2030 + 30?
2120
In base 13, what is 12 + -6?
9
In base 9, what is 3 - -86?
100
In base 5, what is -101130 - 2?
-101132
In base 9, what is -554 + -53?
-617
In base 3, what is 2 - 1111002?
-1111000
In base 2, what is 1 + 100010000111?
100010001000
In base 10, what is 9 - 1167?
-1158
In base 3, what is -10 - -12121?
12111
In base 5, what is -304 + 30?
-224
In base 13, what is -1 - 64?
-65
In base 12, what is -8 - -4a?
42
In base 5, what is -101 - -1313?
1212
In base 14, what is -60 + c4?
64
In base 8, what is -5 + 732?
725
In base 13, what is -3 + -48?
-4b
In base 7, what is -2003 - 13?
-2016
In base 8, what is 2 - 512?
-510
In base 10, what is 98 - 17?
81
In base 4, what is -103 + -1011?
-1120
In base 14, what is -49 - 15?
-60
In base 4, what is 11 - 11131?
-11120
In base 16, what is 23 - 3a2?
-37f
In base 15, what is -92 - -6?
-8b
In base 15, what is 3 - -60?
63
In base 6, what is -311 - 1?
-312
In base 15, what is -196 + -2?
-198
In base 16, what is -3 - -38?
35
In base 14, what is 85 - -23?
a8
In base 7, what is 3 - -31?
34
In base 13, what is 4 - -31a?
321
In base 4, what is -1 + 310?
303
In base 11, what is -1 - -217a?
2179
In base 4, what is 10300013 - 3?
10300010
In base 10, what is -11 + -9?
-20
In base 9, what is -1 + 648?
647
In base 14, what is 95 + 44?
d9
In base 11, what is 15 - 125?
-110
In base 16, what is 3 - -7fd?
800
In base 7, what is 2 - 114?
-112
In base 15, what is -5 + -1e2?
-1e7
In base 14, what is 3 + -46?
-43
In base 13, what is -3 - 5?
-8
In base 3, what is 102 + -1120?
-1011
In base 15, what is 0 + -54?
-54
In base 9, what is 8 + -1042?
-1033
In base 13, what is -414 + -3?
-417
In base 3, what is 1 - 1101?
-1100
In base 14, what is -10 + 6?
-8
In base 4, what is 201 + -22?
113
In base 16, what is 1 + 16?
17
In base 10, what is -5465 + -1?
-5466
In base 8, what is 11 + -22?
-11
In base 15, what is -6 + 16?
10
In base 4, what is -1 + -223313?
-223320
In base 6, what is -14 - 3520?
-3534
In base 2, what is 1000100 + 10100?
1011000
In base 15, what is 11 + -eb?
-da
In base 7, what is 2 - -32?
34
In base 11, what is -68 + 5?
-63
In base 3, what is -1201 - -12?
-1112
In base 5, what is 4 - -23230?
23234
In base 10, what is 5 - -397?
402
In base 3, what is -1 + -21011?
-21012
In base 4, what is 11331 - -221?
12212
In base 6, what is -1105 + -13?
-1122
In base 8, what is -5 + 765?
760
In base 15, what is -1 - -15?
14
In base 16, what is -5 + 15?
10
In base 13, what is -18 - c?
-27
In base 14, what is 26 - 3?
23
In base 11, what is 6 - 10?
-5
In base 7, what is 1 - 12060?
-12056
In base 9, what is -271 + 4?
-266
In base 10, what is 5 - 112?
-107
In base 4, what is -11 - -120231?
120220
In base 4, what is 3 + -1011303?
-1011300
In base 9, what is -23 + 11?
-12
In base 7, what is 1234 - 15?
1216
In base 12, what is 13 - -3?
16
In base 12, what is 345 - -4?
349
In base 7, what is 0 + 155?
155
In base 2, what is -100 + 100101101?
100101001
In base 14, what is -5 + 44?
3d
In base 9, what is -125 - -2?
-123
In base 12, what is -4 - -662?
65a
In base 2, what is -11010000 - 1?
-11010001
In base 8, what is 505 + -4?
501
In base 11, what is 168a - -1?
1690
In base 12, what is 5 - -a3?
a8
In base 8, what is -4 + 41?
35
In base 3, what is 211 - 21102?
-20121
In base 11, what is 1a + 4?
23
In base 16, what is -3d + -1c?
-59
In base 7, what is 14105 + 5?
14113
In base 12, what is 1b + 0?
1b
In base 6, what is -2 + 33?
31
In base 8, what is 1241 + 2?
1243
In base 12, what is 0 + -34?
-34
In base 3, what is -101 - 120?
-221
In base 11, what is 2 - -43?
45
In base 10, what is 163 + 1?
164
In base 10, what is -58 + -8?
-66
In base 16, what is 63 - -5?
68
In base 6, what is 3 + -3431?
-3424
In base 9, what is 88 - -18?
117
In base 13, what is -1 + -7c?
-80
In base 11, what is -842 + 3?
-83a
In base 10, what is -29 - 8?
-37
In base 3, what is -221111 + -10?
-221121
In base 8, what is -100 + -51?
-151
In base 8, what is -3 - 4464?
-4467
In base 6, what is 114 - -25?
143
In base 9, what is -17238 + 5?
-17233
In base 11, what is 19 + a?
28
In base 11, what is a5 + 15?
10a
In base 14, what is -5a5 - -7?
-59c
In base 16, what is 93ca + 1?
93cb
In base 3, what is 1 + 2202?
2210
In base 12, what is -14 + 16?
2
In base 6, what is 3305 - -2?
3311
In base 4, what is -11230 - -3?
-11221
In base 6, what is -1 + -10313?
-10314
In base 3, what is -1 + -2210001?
-2210002
In base 9, what is -4 + -88?
-103
In base 4, what is 2 + 12010?
12012
In base 9, what is -3 + -454?
-457
In base 9, what is -73 - 6?
-80
In base 1